{"id":100,"date":"2024-05-21T14:36:26","date_gmt":"2024-05-21T17:36:26","guid":{"rendered":"https:\/\/draca.cubatao.sp.gov.br\/?page_id=100"},"modified":"2024-05-21T14:36:26","modified_gmt":"2024-05-21T17:36:26","slug":"suporte","status":"publish","type":"page","link":"https:\/\/draca.cubatao.sp.gov.br\/index.php\/suporte\/","title":{"rendered":"SUPORTE"},"content":{"rendered":"\n<p>P\u00e1gina em constru\u00e7\u00e3o&#8230;<\/p>\n","protected":false},"excerpt":{"rendered":"<p>P\u00e1gina em constru\u00e7\u00e3o&#8230;<\/p>\n","protected":false},"author":1,"featured_media":0,"parent":0,"menu_order":0,"comment_status":"closed","ping_status":"closed","template":"","meta":{"_eb_attr":"","footnotes":""},"class_list":["post-100","page","type-page","status-publish","hentry"],"jetpack_sharing_enabled":true,"_links":{"self":[{"href":"https:\/\/draca.cubatao.sp.gov.br\/index.php\/wp-json\/wp\/v2\/pages\/100","targetHints":{"allow":["GET"]}}],"collection":[{"href":"https:\/\/draca.cubatao.sp.gov.br\/index.php\/wp-json\/wp\/v2\/pages"}],"about":[{"href":"https:\/\/draca.cubatao.sp.gov.br\/index.php\/wp-json\/wp\/v2\/types\/page"}],"author":[{"embeddable":true,"href":"https:\/\/draca.cubatao.sp.gov.br\/index.php\/wp-json\/wp\/v2\/users\/1"}],"replies":[{"embeddable":true,"href":"https:\/\/draca.cubatao.sp.gov.br\/index.php\/wp-json\/wp\/v2\/comments?post=100"}],"version-history":[{"count":1,"href":"https:\/\/draca.cubatao.sp.gov.br\/index.php\/wp-json\/wp\/v2\/pages\/100\/revisions"}],"predecessor-version":[{"id":101,"href":"https:\/\/draca.cubatao.sp.gov.br\/index.php\/wp-json\/wp\/v2\/pages\/100\/revisions\/101"}],"wp:attachment":[{"href":"https:\/\/draca.cubatao.sp.gov.br\/index.php\/wp-json\/wp\/v2\/media?parent=100"}],"curies":[{"name":"wp","href":"https:\/\/api.w.org\/{rel}","templated":true}]}}